{"id":9,"date":"2024-04-24T11:12:07","date_gmt":"2024-04-24T15:12:07","guid":{"rendered":"https:\/\/mex-mart.ca\/?page_id=9"},"modified":"2024-05-22T09:25:24","modified_gmt":"2024-05-22T13:25:24","slug":"money-transfer-service","status":"publish","type":"page","link":"https:\/\/mex-mart.ca\/index.php\/money-transfer-service\/","title":{"rendered":"Money Transfer Service"},"content":{"rendered":"\t\t<div data-elementor-type=\"wp-post\" data-elementor-id=\"9\" class=\"elementor elementor-9\">\n\t\t\t\t<div class=\"elementor-element elementor-element-906fb53 e-flex e-con-boxed e-con e-parent\" data-id=\"906fb53\" data-element_type=\"container\" data-e-type=\"container\">\n\t\t\t\t\t<div class=\"e-con-inner\">\n\t\t\t\t<div class=\"elementor-element elementor-element-7d480f6 elementor-widget elementor-widget-heading\" data-id=\"7d480f6\" data-element_type=\"widget\" data-e-type=\"widget\" data-widget_type=\"heading.default\">\n\t\t\t\t<div class=\"elementor-widget-container\">\n\t\t\t\t\t<h2 class=\"elementor-heading-title elementor-size-default\">Stay Close, Send Secure: Money Transfer Service Keeps You Connected<\/h2>\t\t\t\t<\/div>\n\t\t\t\t<\/div>\n\t\t\t\t\t<\/div>\n\t\t\t\t<\/div>\n\t\t<div class=\"elementor-element elementor-element-ecd3aea e-flex e-con-boxed e-con e-parent\" data-id=\"ecd3aea\" data-element_type=\"container\" data-e-type=\"container\">\n\t\t\t\t\t<div class=\"e-con-inner\">\n\t\t<div class=\"elementor-element elementor-element-b61249c e-con-full e-flex e-con e-child\" data-id=\"b61249c\" data-element_type=\"container\" data-e-type=\"container\">\n\t\t\t\t<div class=\"elementor-element elementor-element-5a3797a elementor-widget elementor-widget-heading\" data-id=\"5a3797a\" data-element_type=\"widget\" data-e-type=\"widget\" data-widget_type=\"heading.default\">\n\t\t\t\t<div class=\"elementor-widget-container\">\n\t\t\t\t\t<h3 class=\"elementor-heading-title elementor-size-default\">Proceso<\/h3>\t\t\t\t<\/div>\n\t\t\t\t<\/div>\n\t\t\t\t<\/div>\n\t\t<div class=\"elementor-element elementor-element-7773fb5 e-con-full e-flex e-con e-child\" data-id=\"7773fb5\" data-element_type=\"container\" data-e-type=\"container\">\n\t\t\t\t<div class=\"elementor-element elementor-element-b685910 elementor-widget elementor-widget-text-editor\" data-id=\"b685910\" data-element_type=\"widget\" data-e-type=\"widget\" data-widget_type=\"text-editor.default\">\n\t\t\t\t<div class=\"elementor-widget-container\">\n\t\t\t\t\t\t\t\t\t<p><strong>PERSONA QUE ENV\u00cdA<\/strong><\/p>\n<ul>\n<li><strong>Tener un ID vigente<\/strong>:&nbsp; Puede ser pasaporte, \u00f3 licencia de conducir expedida en Ontario.<\/li>\n<li><strong>Direcci\u00f3n:<\/strong> Lugar donde reside en Canad\u00e1.<\/li>\n<\/ul>\n<p><strong>PERSONA QUE RECIBE<\/strong><\/p>\n<ul>\n<li><strong>Nombre completo<\/strong> de la persona que va a recibir el dinero. Foto de un ID (opcional).<\/li>\n<li><strong>Direcci\u00f3n de la persona que recibe<\/strong>. Pa\u00eds, estado y ciudad.<\/li>\n<\/ul>\n<p><strong>PARA PAGOS EN BANCO<\/strong><\/p>\n<ul>\n<li>Nombre del banco o sucursal a la que va a enviar dinero.<\/li>\n<li>N\u00famero de cuenta o tarjeta del banco al que va a depositar.<\/li>\n<\/ul>\n<p><strong>IMPORTANTE:<\/strong>&nbsp;Debe ser preciso en el nombre de la persona que recibe, ya que si no coincide el nombre completo con el nombre completo del ID, la entidad bancaria no entregar\u00e1 el dinero.<br>De igual forma en el n\u00famero de cuenta, debe corroborarse el nombre de la persona que recibe, para que los dep\u00f3sitos no sean cancelados o no se depositen en la cuenta.<br><strong><br><\/strong><\/p><p><strong>Para el pago de los env\u00edos se acepta Cash o Tarjeta D\u00e9bito<\/strong><\/p>\t\t\t\t\t\t\t\t<\/div>\n\t\t\t\t<\/div>\n\t\t\t\t<\/div>\n\t\t<div class=\"elementor-element elementor-element-3b6a1df e-con-full e-flex e-con e-child\" data-id=\"3b6a1df\" data-element_type=\"container\" data-e-type=\"container\">\n\t\t\t\t<div class=\"elementor-element elementor-element-e5e1041 elementor-widget elementor-widget-text-editor\" data-id=\"e5e1041\" data-element_type=\"widget\" data-e-type=\"widget\" data-widget_type=\"text-editor.default\">\n\t\t\t\t<div class=\"elementor-widget-container\">\n\t\t\t\t\t\t\t\t\t<p>Mex-mart offer the premier choice for fast and reliable money transfers within the dynamic Latino market. Powered by trusted provider\u00a0<strong>Ria<\/strong>, Mex-mart offers a seamless experience for sending and receiving money. Say adios to long waits and hidden charges. With Mex-mart, enjoy instant transfers and peace of mind knowing your loved ones receive every penny promptly.\u00a0<\/p>\t\t\t\t\t\t\t\t<\/div>\n\t\t\t\t<\/div>\n\t\t\t\t<\/div>\n\t\t\t\t\t<\/div>\n\t\t\t\t<\/div>\n\t\t<div class=\"elementor-element elementor-element-b410a65 e-grid e-con-boxed e-con e-parent\" data-id=\"b410a65\" data-element_type=\"container\" data-e-type=\"container\">\n\t\t\t\t\t<div class=\"e-con-inner\">\n\t\t\t\t\t<\/div>\n\t\t\t\t<\/div>\n\t\t\t\t<\/div>\n\t\t","protected":false},"excerpt":{"rendered":"<p>Stay Close, Send Secure: Money Transfer Service Keeps You Connected Proceso PERSONA QUE ENV\u00cdA Tener un ID vigente:&nbsp; Puede ser&#8230;<\/p>\n","protected":false},"author":1,"featured_media":0,"parent":0,"menu_order":0,"comment_status":"closed","ping_status":"closed","template":"","meta":{"_acf_changed":false,"footnotes":""},"class_list":["post-9","page","type-page","status-publish","hentry"],"acf":[],"post-meta":{"_elementor_edit_mode":["builder"],"_elementor_template_type":["wp-post"],"_elementor_version":["3.21.5"],"_edit_lock":["1716384322:1"],"_edit_last":["1"],"site-container":["default"],"site-header-transparent":["default"],"site-page-header":["default"],"site-sidebar":["default"],"_wp_page_template":["default"],"_elementor_data":["[{\"id\":\"906fb53\",\"elType\":\"container\",\"settings\":[],\"elements\":[{\"id\":\"7d480f6\",\"elType\":\"widget\",\"settings\":{\"title\":\"Stay Close, Send Secure: Money Transfer Service Keeps You Connected\"},\"elements\":[],\"widgetType\":\"heading\"}],\"isInner\":false},{\"id\":\"ecd3aea\",\"elType\":\"container\",\"settings\":{\"flex_direction\":\"row\",\"flex_gap\":{\"unit\":\"px\",\"size\":0,\"column\":\"0\",\"row\":\"0\"}},\"elements\":[{\"id\":\"b61249c\",\"elType\":\"container\",\"settings\":{\"flex_direction\":\"column\",\"content_width\":\"full\",\"width\":{\"unit\":\"%\",\"size\":14.174},\"_flex_size\":\"none\",\"_element_width\":\"initial\"},\"elements\":[{\"id\":\"5a3797a\",\"elType\":\"widget\",\"settings\":{\"title\":\"Proceso\",\"header_size\":\"h3\"},\"elements\":[],\"widgetType\":\"heading\"}],\"isInner\":true},{\"id\":\"7773fb5\",\"elType\":\"container\",\"settings\":{\"flex_direction\":\"column\",\"content_width\":\"full\",\"width\":{\"unit\":\"%\",\"size\":51.913},\"_flex_size\":\"none\",\"_element_width\":\"initial\"},\"elements\":[{\"id\":\"b685910\",\"elType\":\"widget\",\"settings\":{\"editor\":\"<p><strong>PERSONA QUE ENV\\u00cdA<\\\/strong><\\\/p>\\n<ul>\\n<li><strong>Tener un ID vigente<\\\/strong>:&nbsp; Puede ser pasaporte, \\u00f3 licencia de conducir expedida en Ontario.<\\\/li>\\n<li><strong>Direcci\\u00f3n:<\\\/strong> Lugar donde reside en Canad\\u00e1.<\\\/li>\\n<\\\/ul>\\n<p><strong>PERSONA QUE RECIBE<\\\/strong><\\\/p>\\n<ul>\\n<li><strong>Nombre completo<\\\/strong> de la persona que va a recibir el dinero. Foto de un ID (opcional).<\\\/li>\\n<li><strong>Direcci\\u00f3n de la persona que recibe<\\\/strong>. Pa\\u00eds, estado y ciudad.<\\\/li>\\n<\\\/ul>\\n<p><strong>PARA PAGOS EN BANCO<\\\/strong><\\\/p>\\n<ul>\\n<li>Nombre del banco o sucursal a la que va a enviar dinero.<\\\/li>\\n<li>N\\u00famero de cuenta o tarjeta del banco al que va a depositar.<\\\/li>\\n<\\\/ul>\\n<p><strong>IMPORTANTE:<\\\/strong>&nbsp;Debe ser preciso en el nombre de la persona que recibe, ya que si no coincide el nombre completo con el nombre completo del ID, la entidad bancaria no entregar\\u00e1 el dinero.<br>De igual forma en el n\\u00famero de cuenta, debe corroborarse el nombre de la persona que recibe, para que los dep\\u00f3sitos no sean cancelados o no se depositen en la cuenta.<br><strong><br><\\\/strong><\\\/p><p><strong>Para el pago de los env\\u00edos se acepta Cash o Tarjeta D\\u00e9bito<\\\/strong><\\\/p>\"},\"elements\":[],\"widgetType\":\"text-editor\"}],\"isInner\":true},{\"id\":\"3b6a1df\",\"elType\":\"container\",\"settings\":{\"flex_direction\":\"column\",\"content_width\":\"full\",\"width\":{\"unit\":\"%\",\"size\":34.609},\"_flex_size\":\"none\",\"_element_width\":\"initial\"},\"elements\":[{\"id\":\"e5e1041\",\"elType\":\"widget\",\"settings\":{\"editor\":\"<p>Mex-mart offer the premier choice for fast and reliable money transfers within the dynamic Latino market. Powered by trusted provider\\u00a0<strong>Ria<\\\/strong>, Mex-mart offers a seamless experience for sending and receiving money. Say adios to long waits and hidden charges. With Mex-mart, enjoy instant transfers and peace of mind knowing your loved ones receive every penny promptly.\\u00a0<\\\/p>\",\"align\":\"justify\"},\"elements\":[],\"widgetType\":\"text-editor\"}],\"isInner\":true}],\"isInner\":false},{\"id\":\"b410a65\",\"elType\":\"container\",\"settings\":{\"container_type\":\"grid\",\"grid_columns_grid\":{\"unit\":\"fr\",\"size\":\"2\"},\"grid_rows_grid\":{\"unit\":\"fr\",\"size\":\"1\"},\"grid_rows_grid_mobile\":{\"unit\":\"fr\",\"size\":\"1\"}},\"elements\":[],\"isInner\":false}]"],"_elementor_controls_usage":["a:3:{s:7:\"heading\";a:3:{s:5:\"count\";i:2;s:15:\"control_percent\";i:1;s:8:\"controls\";a:1:{s:7:\"content\";a:1:{s:13:\"section_title\";a:2:{s:5:\"title\";i:2;s:11:\"header_size\";i:1;}}}}s:9:\"container\";a:3:{s:5:\"count\";i:6;s:15:\"control_percent\";i:1;s:8:\"controls\";a:2:{s:6:\"layout\";a:1:{s:24:\"section_layout_container\";a:7:{s:14:\"flex_direction\";i:4;s:13:\"content_width\";i:3;s:5:\"width\";i:3;s:8:\"flex_gap\";i:1;s:14:\"container_type\";i:1;s:17:\"grid_columns_grid\";i:1;s:14:\"grid_rows_grid\";i:1;}}s:8:\"advanced\";a:1:{s:14:\"section_layout\";a:1:{s:10:\"_flex_size\";i:3;}}}}s:11:\"text-editor\";a:3:{s:5:\"count\";i:2;s:15:\"control_percent\";i:1;s:8:\"controls\";a:2:{s:7:\"content\";a:1:{s:14:\"section_editor\";a:1:{s:6:\"editor\";i:2;}}s:5:\"style\";a:1:{s:13:\"section_style\";a:1:{s:5:\"align\";i:1;}}}}}"],"_elementor_page_assets":["a:2:{s:6:\"styles\";a:1:{i:0;s:14:\"widget-heading\";}s:7:\"scripts\";a:1:{i:0;s:18:\"elementor-frontend\";}}"],"_elementor_css":["a:6:{s:4:\"time\";i:1778667227;s:5:\"fonts\";a:0:{}s:5:\"icons\";a:0:{}s:20:\"dynamic_elements_ids\";a:0:{}s:6:\"status\";s:4:\"file\";i:0;s:0:\"\";}"],"_elementor_element_cache":["{\"timeout\":1778739227,\"value\":{\"content\":\"<div class=\\\"elementor-element elementor-element-906fb53 e-flex e-con-boxed e-con e-parent\\\" data-id=\\\"906fb53\\\" data-element_type=\\\"container\\\" data-e-type=\\\"container\\\">\\n\\t\\t\\t\\t\\t<div class=\\\"e-con-inner\\\">\\n\\t\\t\\t\\t<div class=\\\"elementor-element elementor-element-7d480f6 elementor-widget elementor-widget-heading\\\" data-id=\\\"7d480f6\\\" data-element_type=\\\"widget\\\" data-e-type=\\\"widget\\\" data-widget_type=\\\"heading.default\\\">\\n\\t\\t\\t\\t<div class=\\\"elementor-widget-container\\\">\\n\\t\\t\\t\\t\\t<h2 class=\\\"elementor-heading-title elementor-size-default\\\">Stay Close, Send Secure: Money Transfer Service Keeps You Connected<\\\/h2>\\t\\t\\t\\t<\\\/div>\\n\\t\\t\\t\\t<\\\/div>\\n\\t\\t\\t\\t\\t<\\\/div>\\n\\t\\t\\t\\t<\\\/div>\\n\\t\\t<div class=\\\"elementor-element elementor-element-ecd3aea e-flex e-con-boxed e-con e-parent\\\" data-id=\\\"ecd3aea\\\" data-element_type=\\\"container\\\" data-e-type=\\\"container\\\">\\n\\t\\t\\t\\t\\t<div class=\\\"e-con-inner\\\">\\n\\t\\t<div class=\\\"elementor-element elementor-element-b61249c e-con-full e-flex e-con e-child\\\" data-id=\\\"b61249c\\\" data-element_type=\\\"container\\\" data-e-type=\\\"container\\\">\\n\\t\\t\\t\\t<div class=\\\"elementor-element elementor-element-5a3797a elementor-widget elementor-widget-heading\\\" data-id=\\\"5a3797a\\\" data-element_type=\\\"widget\\\" data-e-type=\\\"widget\\\" data-widget_type=\\\"heading.default\\\">\\n\\t\\t\\t\\t<div class=\\\"elementor-widget-container\\\">\\n\\t\\t\\t\\t\\t<h3 class=\\\"elementor-heading-title elementor-size-default\\\">Proceso<\\\/h3>\\t\\t\\t\\t<\\\/div>\\n\\t\\t\\t\\t<\\\/div>\\n\\t\\t\\t\\t<\\\/div>\\n\\t\\t<div class=\\\"elementor-element elementor-element-7773fb5 e-con-full e-flex e-con e-child\\\" data-id=\\\"7773fb5\\\" data-element_type=\\\"container\\\" data-e-type=\\\"container\\\">\\n\\t\\t[elementor-element k=\\\"ce234f9fc295295bf4579df79663d6f4\\\" data=\\\"eyJpZCI6ImI2ODU5MTAiLCJlbFR5cGUiOiJ3aWRnZXQiLCJzZXR0aW5ncyI6eyJlZGl0b3IiOiI8cD48c3Ryb25nPlBFUlNPTkEgUVVFIEVOVlx1MDBjZEE8XC9zdHJvbmc+PFwvcD5cbjx1bD5cbjxsaT48c3Ryb25nPlRlbmVyIHVuIElEIHZpZ2VudGU8XC9zdHJvbmc+OiZuYnNwOyBQdWVkZSBzZXIgcGFzYXBvcnRlLCBcdTAwZjMgbGljZW5jaWEgZGUgY29uZHVjaXIgZXhwZWRpZGEgZW4gT250YXJpby48XC9saT5cbjxsaT48c3Ryb25nPkRpcmVjY2lcdTAwZjNuOjxcL3N0cm9uZz4gTHVnYXIgZG9uZGUgcmVzaWRlIGVuIENhbmFkXHUwMGUxLjxcL2xpPlxuPFwvdWw+XG48cD48c3Ryb25nPlBFUlNPTkEgUVVFIFJFQ0lCRTxcL3N0cm9uZz48XC9wPlxuPHVsPlxuPGxpPjxzdHJvbmc+Tm9tYnJlIGNvbXBsZXRvPFwvc3Ryb25nPiBkZSBsYSBwZXJzb25hIHF1ZSB2YSBhIHJlY2liaXIgZWwgZGluZXJvLiBGb3RvIGRlIHVuIElEIChvcGNpb25hbCkuPFwvbGk+XG48bGk+PHN0cm9uZz5EaXJlY2NpXHUwMGYzbiBkZSBsYSBwZXJzb25hIHF1ZSByZWNpYmU8XC9zdHJvbmc+LiBQYVx1MDBlZHMsIGVzdGFkbyB5IGNpdWRhZC48XC9saT5cbjxcL3VsPlxuPHA+PHN0cm9uZz5QQVJBIFBBR09TIEVOIEJBTkNPPFwvc3Ryb25nPjxcL3A+XG48dWw+XG48bGk+Tm9tYnJlIGRlbCBiYW5jbyBvIHN1Y3Vyc2FsIGEgbGEgcXVlIHZhIGEgZW52aWFyIGRpbmVyby48XC9saT5cbjxsaT5OXHUwMGZhbWVybyBkZSBjdWVudGEgbyB0YXJqZXRhIGRlbCBiYW5jbyBhbCBxdWUgdmEgYSBkZXBvc2l0YXIuPFwvbGk+XG48XC91bD5cbjxwPjxzdHJvbmc+SU1QT1JUQU5URTo8XC9zdHJvbmc+Jm5ic3A7RGViZSBzZXIgcHJlY2lzbyBlbiBlbCBub21icmUgZGUgbGEgcGVyc29uYSBxdWUgcmVjaWJlLCB5YSBxdWUgc2kgbm8gY29pbmNpZGUgZWwgbm9tYnJlIGNvbXBsZXRvIGNvbiBlbCBub21icmUgY29tcGxldG8gZGVsIElELCBsYSBlbnRpZGFkIGJhbmNhcmlhIG5vIGVudHJlZ2FyXHUwMGUxIGVsIGRpbmVyby48YnI+RGUgaWd1YWwgZm9ybWEgZW4gZWwgblx1MDBmYW1lcm8gZGUgY3VlbnRhLCBkZWJlIGNvcnJvYm9yYXJzZSBlbCBub21icmUgZGUgbGEgcGVyc29uYSBxdWUgcmVjaWJlLCBwYXJhIHF1ZSBsb3MgZGVwXHUwMGYzc2l0b3Mgbm8gc2VhbiBjYW5jZWxhZG9zIG8gbm8gc2UgZGVwb3NpdGVuIGVuIGxhIGN1ZW50YS48YnI+PHN0cm9uZz48YnI+PFwvc3Ryb25nPjxcL3A+PHA+PHN0cm9uZz5QYXJhIGVsIHBhZ28gZGUgbG9zIGVudlx1MDBlZG9zIHNlIGFjZXB0YSBDYXNoIG8gVGFyamV0YSBEXHUwMGU5Yml0bzxcL3N0cm9uZz48XC9wPiJ9LCJlbGVtZW50cyI6W10sIndpZGdldFR5cGUiOiJ0ZXh0LWVkaXRvciJ9\\\"]\\t\\t<\\\/div>\\n\\t\\t<div class=\\\"elementor-element elementor-element-3b6a1df e-con-full e-flex e-con e-child\\\" data-id=\\\"3b6a1df\\\" data-element_type=\\\"container\\\" data-e-type=\\\"container\\\">\\n\\t\\t[elementor-element k=\\\"ce234f9fc295295bf4579df79663d6f4\\\" data=\\\"eyJpZCI6ImU1ZTEwNDEiLCJlbFR5cGUiOiJ3aWRnZXQiLCJzZXR0aW5ncyI6eyJlZGl0b3IiOiI8cD5NZXgtbWFydCBvZmZlciB0aGUgcHJlbWllciBjaG9pY2UgZm9yIGZhc3QgYW5kIHJlbGlhYmxlIG1vbmV5IHRyYW5zZmVycyB3aXRoaW4gdGhlIGR5bmFtaWMgTGF0aW5vIG1hcmtldC4gUG93ZXJlZCBieSB0cnVzdGVkIHByb3ZpZGVyXHUwMGEwPHN0cm9uZz5SaWE8XC9zdHJvbmc+LCBNZXgtbWFydCBvZmZlcnMgYSBzZWFtbGVzcyBleHBlcmllbmNlIGZvciBzZW5kaW5nIGFuZCByZWNlaXZpbmcgbW9uZXkuIFNheSBhZGlvcyB0byBsb25nIHdhaXRzIGFuZCBoaWRkZW4gY2hhcmdlcy4gV2l0aCBNZXgtbWFydCwgZW5qb3kgaW5zdGFudCB0cmFuc2ZlcnMgYW5kIHBlYWNlIG9mIG1pbmQga25vd2luZyB5b3VyIGxvdmVkIG9uZXMgcmVjZWl2ZSBldmVyeSBwZW5ueSBwcm9tcHRseS5cdTAwYTA8XC9wPiIsImFsaWduIjoianVzdGlmeSJ9LCJlbGVtZW50cyI6W10sIndpZGdldFR5cGUiOiJ0ZXh0LWVkaXRvciJ9\\\"]\\t\\t<\\\/div>\\n\\t\\t\\t\\t\\t<\\\/div>\\n\\t\\t\\t\\t<\\\/div>\\n\\t\\t<div class=\\\"elementor-element elementor-element-b410a65 e-grid e-con-boxed e-con e-parent\\\" data-id=\\\"b410a65\\\" data-element_type=\\\"container\\\" data-e-type=\\\"container\\\">\\n\\t\\t\\t\\t\\t<div class=\\\"e-con-inner\\\">\\n\\t\\t\\t\\t\\t<\\\/div>\\n\\t\\t\\t\\t<\\\/div>\\n\\t\\t\",\"scripts\":[],\"styles\":[]}}"]},"_links":{"self":[{"href":"https:\/\/mex-mart.ca\/index.php\/wp-json\/wp\/v2\/pages\/9","targetHints":{"allow":["GET"]}}],"collection":[{"href":"https:\/\/mex-mart.ca\/index.php\/wp-json\/wp\/v2\/pages"}],"about":[{"href":"https:\/\/mex-mart.ca\/index.php\/wp-json\/wp\/v2\/types\/page"}],"author":[{"embeddable":true,"href":"https:\/\/mex-mart.ca\/index.php\/wp-json\/wp\/v2\/users\/1"}],"replies":[{"embeddable":true,"href":"https:\/\/mex-mart.ca\/index.php\/wp-json\/wp\/v2\/comments?post=9"}],"version-history":[{"count":8,"href":"https:\/\/mex-mart.ca\/index.php\/wp-json\/wp\/v2\/pages\/9\/revisions"}],"predecessor-version":[{"id":2085,"href":"https:\/\/mex-mart.ca\/index.php\/wp-json\/wp\/v2\/pages\/9\/revisions\/2085"}],"wp:attachment":[{"href":"https:\/\/mex-mart.ca\/index.php\/wp-json\/wp\/v2\/media?parent=9"}],"curies":[{"name":"wp","href":"https:\/\/api.w.org\/{rel}","templated":true}]}}